ivided by 3409.
20
What is the remainder when 348948 is divided by 11?
6
Calculate the remainder when 1301 is divided by 422.
35
Calculate the remainder when 138388 is divided by 346.
334
What is the remainder when 539699 is divided by 525?
524
Calculate the remainder when 88685 is divided by 42.
23
What is the remainder when 42217 is divided by 117?
97
Calculate the remainder when 1238622 is divided by 4.
2
What is the remainder when 3835 is divided by 170?
95
What is the remainder when 1817731 is divided by 23?
18
Calculate the remainder when 13731 is divided by 917.
893
What is the remainder when 2454 is divided by 24?
6
What is the remainder when 1064 is divided by 420?
224
Calculate the remainder when 8062 is divided by 89.
52
What is the remainder when 318440 is divided by 68?
64
Calculate the remainder when 647217 is divided by 28.
25
What is the remainder when 112172 is divided by 74?
62
What is the remainder when 4088259 is divided by 22?
21
Calculate the remainder when 1294 is divided by 11.
7
What is the remainder when 1135 is divided by 1048?
87
Calculate the remainder when 79565 is divided by 121.
68
What is the remainder when 2474 is divided by 15?
14
What is the remainder when 35447 is divided by 695?
2
What is the remainder when 1137 is divided by 333?
138
Calculate the remainder when 425 is divided by 100.
25
What is the remainder when 14264 is divided by 1570?
134
What is the remainder when 1955684 is divided by 19?
14
What is the remainder when 55703 is divided by 3713?
8
Calculate the remainder when 24863 is divided by 3098.
79
Calculate the remainder when 434193 is divided by 37.
35
Calculate the remainder when 2414 is divided by 450.
164
Calculate the remainder when 1551 is divided by 159.
120
Calculate the remainder when 45646 is divided by 830.
826
Calculate the remainder when 7459 is divided by 678.
1
Calculate the remainder when 5224 is divided by 109.
101
Calculate the remainder when 3350128 is divided by 86.
84
What is the remainder when 10799 is divided by 208?
191
What is the remainder when 16688 is divided by 242?
232
Calculate the remainder when 2380 is divided by 215.
15
Calculate the remainder when 2770 is divided by 342.
34
What is the remainder when 158987 is divided by 130?
127
Calculate the remainder when 345 is divided by 180.
165
What is the remainder when 6085 is divided by 559?
495
What is the remainder when 29993 is divided by 940?
853
Calculate the remainder when 682 is divided by 243.
196
What is the remainder when 628978 is divided by 31?
19
What is the remainder when 114988 is divided by 19135?
178
What is the remainder when 44014 is divided by 73?
68
Calculate the remainder when 32153 is divided by 12.
5
What is the remainder when 13598 is divided by 166?
152
Calculate the remainder when 11680 is divided by 648.
16
What is the remainder when 1930 is divided by 578?
196
Calculate the remainder when 15909 is divided by 7951.
7
Calculate the remainder when 8210 is divided by 256.
18
What is the remainder when 1688 is divided by 193?
144
Calculate the remainder when 4841 is divided by 17.
13
What is the remainder when 10377196 is divided by 1098?
1096
Calculate the remainder when 2520 is divided by 96.
24
What is the remainder when 284481 is divided by 120?
81
What is the remainder when 103670 is divided by 64?
54
Calculate the remainder when 39542 is divided by 131.
111
What is the remainder when 1458 is divided by 536?
386
What is the remainder when 230739 is divided by 76913?
0
Calculate the remainder when 1529 is divided by 1385.
144
What is the remainder when 791692 is divided by 395839?
14
Calculate the remainder when 218692 is divided by 191.
188
Calculate the remainder when 2553 is divided by 835.
48
Calculate the remainder when 31604 is divided by 116.
52
Calculate the remainder when 17847 is divided by 105.
102
What is the remainder when 100276 is divided by 54?
52
What is the remainder when 215223 is divided by 1223?
1198
What is the remainder when 24488 is divided by 142?
64
What is the remainder when 9551 is divided by 398?
397
Calculate the remainder when 333135 is divided by 977.
955
What is the remainder when 1368 is divided by 174?
150
What is the remainder when 17543 is divided by 141?
59
What is the remainder when 101917 is divided by 641?
639
Calculate the remainder when 3362 is divided by 236.
58
What is the remainder when 3205 is divided by 1064?
13
Calculate the remainder when 2145188 is divided by 678.
674
Calculate the remainder when 1001 is divided by 835.
166
Calculate the remainder when 13071 is divided by 43.
42
Calculate the remainder when 271657 is divided by 20.
17
What is the remainder when 968574 is divided by 233?
226
Calculate the remainder when 2576951 is divided by 14.
13
What is the remainder when 30584 is divided by 3058?
4
What is the remainder when 5285 is divided by 38?
3
What is the remainder when 168413 is divided by 400?
13
What is the remainder when 4554 is divided by 255?
219
What is the remainder when 3214 is divided by 162?
136
Calculate the remainder when 470627 is divided by 117652.
19
What is the remainder when 4719 is divided by 2348?
23
Calculate the remainder when 19779 is divided by 279.
249
Calculate the remainder when 123397 is divided by 4113.
7
What is the remainder when 438187 is divided by 537?
532
Calculate the remainder when 3240 is divided by 788.
88
What is the remainder when 155736 is divided by 1403?
3
What is the remainder when 483589 is divided by 2032?
2005
What is the remainder when 1585 is divided by 493?
106
Calculate the remainder when 5543 is divided by 425.
18
What is the remainder when 164206 is divided by 82083?
40
Calculate the remainder when 924284 is divided by 308090.
14
Calculate the remainder when 8313 is divided by 104.
97
What is the remainder when 10243 is divided by 27?
10
What is the remainder when 14960 is divided by 1068?
8
What is the remainder when 3271 is divided by 252?
247
What is the remainder when 387447 is divided by 1890?
1887
What is the remainder when 37936 is divided by 18742?
452
What is the remainder when 8443 is divided by 11?
6
Calculate the remainder when 2885 is divided by 954.
23
What is the remainder when 20749 is divided by 247?
1
What is the remainder when 13454 is divided by 592?
430
What is the remainder when 11299 is divided by 143?
2
Calculate the remainder when 12843 is divided by 108.
99
What is the remainder when 1749 is divided by 569?
42
Calculate the remainder when 4859 is divided by 234.
179
Calculate the remainder when 13216 is divided by 274.
64
What is the remainder when 186336 is divided by 5176?
0
What is the remainder when 27217 is divided by 9?
1
Calculate the remainder when 134 is divided by 4.
2
What is the remainder when 5586 is divided by 704?
658
Calculate the remainder when 42503 is divided by 14141.
80
Calculate the remainder when 8560 is divided by 245.
230
Calculate the remainder when 3189677 is divided by 13.
10
What is the remainder when 1296 is divided by 427?
15
Calculate the remainder when 435915 is divided by 7146.
9
What is the remainder when 4480155 is divided by 229?
228
Calculate the remainder when 5533 is divided by 129.
115
What is the remainder when 44110 is divided by 2729?
446
Calculate the remainder when 16318 is divided by 5438.
4
What is the remainder when 197056 is divided by 54?
10
Calculate the remainder when 932887 is divided by 3141.
10
Calculate the remainder when 2045 is divided by 1790.
255
Calculate the remainder when 168737 is divided by 485.
442
Calculate the remainder when 2473444 is divided by 65.
64
What is the remainder when 264235 is divided by 360?
355
Calculate the remainder when 546348 is divided by 245.
243
What is the remainder when 14141 is divided by 707?
1
What is the remainder when 136310 is divided by 44?
42
Calculate the remainder when 22936 is divided by 273.
4
Calculate the remainder when 1110 is divided by 11.
10
Calculate the remainder when 49495 is divided by 253.
160
Calculate the remainder when 767 is divided by 462.
305
Calculate the remainder when 4342 is divided by 1097.
1051
What is the remainder when 1953 is divided by 111?
66
What is the remainder when 8222 is divided by 66?
38
Calculate the remaind